{"id":1278,"date":"2012-10-23T09:25:54","date_gmt":"2012-10-23T09:25:54","guid":{"rendered":"http:\/\/192.168.9.29\/Development\/TB\/?page_id=1278"},"modified":"2024-11-10T21:08:02","modified_gmt":"2024-11-10T19:08:02","slug":"portfolio-2","status":"publish","type":"page","link":"https:\/\/www.echografilm.com\/echographie-3d\/portfolio\/portfolio-2\/","title":{"rendered":"Gallerie Echo 6D avec IA (Intelligence Artificielle)"},"content":{"rendered":"<pre>\u00c9chographies 6D : Des images extraordinaires de votre b\u00e9b\u00e9 avant sa naissance\nD\u00e9couvrez votre b\u00e9b\u00e9 comme jamais auparavant gr\u00e2ce aux \u00e9chographies 6D\nDes souvenirs inoubliables avec les \u00e9chographies 6D am\u00e9lior\u00e9es par l'IA.\n\n<\/pre>\n<p data-sourcepos=\"3:1-3:527\"><strong>Attention, la technologie 6D est encore en phase de d\u00e9veloppement et progresse de mois en mois.<\/strong> Elle ne fonctionne bien que si l'image de base est de bonne qualit\u00e9. Pour ce faire, l'\u00e9chographie non m\u00e9dicale doit \u00eatre effectu\u00e9e au bon moment, id\u00e9alement entre 25 et 30 semaines de grossesse. Le visage du b\u00e9b\u00e9 doit \u00e9galement \u00eatre bien plac\u00e9, les vues de face \u00e9tant g\u00e9n\u00e9ralement plus favorables que les profils. De plus, il est crucial que le visage du b\u00e9b\u00e9 ne soit pas obstru\u00e9 par des membres, le placenta ou les parois ut\u00e9rines.<\/p>\n<p data-sourcepos=\"5:1-5:279\"><strong>En raison de ces exigences, nous ne proposons l'\u00e9chographie 6D que si toutes les conditions sont r\u00e9unies dans le Forfait \" Admiration Plus 3D - 4D - 6D \" - uniquement apr\u00e8s 25 semaines de grossesse SG.<\/strong> Il s'agit d'un service suppl\u00e9mentaire \u00e0 la pointe, mais nous ne pouvons garantir la qualit\u00e9 des images car le succ\u00e8s de la proc\u00e9dure d\u00e9pend de nombreux facteurs.<\/p>\n<p data-sourcepos=\"7:1-7:129\"><strong>N'h\u00e9sitez pas \u00e0 nous contacter pour en savoir plus sur l'\u00e9chographie 6D et pour savoir si elle est adapt\u00e9e \u00e0 votre grossesse.<\/strong><\/p>\n<pre><em><span style=\"color: #ff0000;\">C'est un plus Echografilm propos\u00e9 dans le Forfait \" Admiration Plus 3D - 4D - 6D \" mais qui ne peut \u00eatre garanti car \u00e0 l'impossible nul n'est tenu. En cas d'impossibilit\u00e9 de 6D nous vous passerons sur le forfait du dessous<\/span><\/em><\/pre>\n<p style=\"text-align: center;\">\n\t\t\t\n\t<style type=\"text\/css\">\n\t\t.slider-info-4074.bafg-slider-info .bafg-slider-title {\n\t\t\t\t\t\t\tfont-size:\n\t\t\t\t\t22px\t\t\t\t;\n\t\t\t\n\t\t\t\n\t\t\t\t\t}\n\n\t\t.slider-info-4074.bafg-slider-info .bafg-slider-description {\n\t\t\t\n\t\t\t\n\t\t\t\t\t}\n\t\t\n\t\t\n\t\t.slider-info-4074.bafg-slider-info .bafg_slider_readmore_button {\n\t\t\t\n\t\t\t\n\t\t\t\n\t\t\t\n\t\t\t\n\t\t\ttext-align: center;\n\n\t\t\t\n\t\t\t\n\t\t\t\n\t\t\t\n\t\t\t\t\t}\n\n\t\t.slider-info-4074.bafg-slider-info .bafg_slider_readmore_button:hover {\n\n\t\t\t\n\t\t\t\n\t\t\t\t\t}\n\t<\/style>\n\t\n\t\t\t<div class=\"bafg-twentytwenty-container slider-4074  \"\n\t\t\t\tbafg-orientation=\"horizontal\" bafg-default-offset=\"0.5\"\n\t\t\t\tbafg-before-label=\"Avant Echo 3D\"\n\t\t\t\tbafg-after-label=\"Apr\u00e8s Echo 6D\" bafg-overlay=\"1\"\n\t\t\t\tbafg-move-slider-on-hover=\"\"\n\t\t\t\tbafg-click-to-move=\"\">\n\n\t\t\t\t\t\t\t\t<img class=\"skip-lazy\" data-skip-lazy\t\t\t\t\tsrc=\"https:\/\/www.echografilm.com\/echographie-3d\/wp-content\/uploads\/2024\/11\/IM-0001-0072-copy-scaled.jpg\" alt=\"Echographie 3D sans IA\">\n\t\t\t\t<img class=\"skip-lazy\" data-skip-lazy\t\t\t\t\tsrc=\"https:\/\/www.echografilm.com\/echographie-3d\/wp-content\/uploads\/2024\/11\/IM-0001-0072-6D-scaled.jpg\" alt=\"Echographie 6D avec am\u00e9lioration par IA\">\n\n\t\t\t<\/div>\n\n\t\t\t\t<div class=\"bafg-slider-info-wraper\">\n\t\t<div style=\"\" class=\"slider-info-4074 bafg-slider-info\">\n\t\t\t\t\t\t\t<h2 class=\"bafg-slider-title\">Passez des Echographies 3D en Echographies 6D avec l&#039;IA.<\/h2>\n\t\t\t\t\t\t\t\t<div class=\"bafg-slider-description\">\n\t\t\t\t\tVoici ce que peut faire l&#039;intelligence artificielle IA. Vos Echographies 3D sont transform\u00e9es en Echographies 6D\t\t\t\t<\/div>\n\t\t\t\t\t\t<\/div>\n\t<\/div>\n\t\n\t\t\t<style type=\"text\/css\">\n\t\t\t\t\t\t\t\t\t\t\t<\/style>\n\t\t\t\n<p style=\"text-align: center;\">\n\t\t\t\n\t<style type=\"text\/css\">\n\t\t.slider-info-4118.bafg-slider-info .bafg-slider-title {\n\t\t\t\t\t\t\tfont-size:\n\t\t\t\t\t22px\t\t\t\t;\n\t\t\t\n\t\t\t\n\t\t\t\t\t}\n\n\t\t.slider-info-4118.bafg-slider-info .bafg-slider-description {\n\t\t\t\n\t\t\t\n\t\t\t\t\t}\n\t\t\n\t\t\n\t\t.slider-info-4118.bafg-slider-info .bafg_slider_readmore_button {\n\t\t\t\n\t\t\t\n\t\t\t\n\t\t\t\n\t\t\t\n\t\t\ttext-align: center;\n\n\t\t\t\n\t\t\t\n\t\t\t\n\t\t\t\n\t\t\t\t\t}\n\n\t\t.slider-info-4118.bafg-slider-info .bafg_slider_readmore_button:hover {\n\n\t\t\t\n\t\t\t\n\t\t\t\t\t}\n\t<\/style>\n\t\n\t\t\t<div class=\"bafg-twentytwenty-container slider-4118  \"\n\t\t\t\tbafg-orientation=\"horizontal\" bafg-default-offset=\"0.5\"\n\t\t\t\tbafg-before-label=\"3D\"\n\t\t\t\tbafg-after-label=\"6D\" bafg-overlay=\"1\"\n\t\t\t\tbafg-move-slider-on-hover=\"\"\n\t\t\t\tbafg-click-to-move=\"\">\n\n\t\t\t\t\t\t\t\t<img class=\"skip-lazy\" data-skip-lazy\t\t\t\t\tsrc=\"https:\/\/www.echografilm.com\/echographie-3d\/wp-content\/uploads\/2024\/11\/IM-0001-0018-copy-scaled.jpg\" alt=\"\">\n\t\t\t\t<img class=\"skip-lazy\" data-skip-lazy\t\t\t\t\tsrc=\"https:\/\/www.echografilm.com\/echographie-3d\/wp-content\/uploads\/2024\/11\/IM-0001-0018-6D-scaled.jpg\" alt=\"\">\n\n\t\t\t<\/div>\n\n\t\t\t\t<div class=\"bafg-slider-info-wraper\">\n\t\t<div style=\"\" class=\"slider-info-4118 bafg-slider-info\">\n\t\t\t\t\t<\/div>\n\t<\/div>\n\t\n\t\t\t<style type=\"text\/css\">\n\t\t\t\t\t\t\t\t\t\t\t<\/style>\n\t\t\t\n<p style=\"text-align: center;\">\n\t\t\t\n\t<style type=\"text\/css\">\n\t\t.slider-info-4123.bafg-slider-info .bafg-slider-title {\n\t\t\t\t\t\t\tfont-size:\n\t\t\t\t\t22px\t\t\t\t;\n\t\t\t\n\t\t\t\n\t\t\t\t\t}\n\n\t\t.slider-info-4123.bafg-slider-info .bafg-slider-description {\n\t\t\t\n\t\t\t\n\t\t\t\t\t}\n\t\t\n\t\t\n\t\t.slider-info-4123.bafg-slider-info .bafg_slider_readmore_button {\n\t\t\t\n\t\t\t\n\t\t\t\n\t\t\t\n\t\t\t\n\t\t\ttext-align: center;\n\n\t\t\t\n\t\t\t\n\t\t\t\n\t\t\t\n\t\t\t\t\t}\n\n\t\t.slider-info-4123.bafg-slider-info .bafg_slider_readmore_button:hover {\n\n\t\t\t\n\t\t\t\n\t\t\t\t\t}\n\t<\/style>\n\t\n\t\t\t<div class=\"bafg-twentytwenty-container slider-4123  \"\n\t\t\t\tbafg-orientation=\"horizontal\" bafg-default-offset=\"0.5\"\n\t\t\t\tbafg-before-label=\"3D\"\n\t\t\t\tbafg-after-label=\"6D\" bafg-overlay=\"1\"\n\t\t\t\tbafg-move-slider-on-hover=\"\"\n\t\t\t\tbafg-click-to-move=\"\">\n\n\t\t\t\t\t\t\t\t<img class=\"skip-lazy\" data-skip-lazy\t\t\t\t\tsrc=\"https:\/\/www.echografilm.com\/echographie-3d\/wp-content\/uploads\/2024\/11\/IM-0001-0032-copy-scaled.jpg\" alt=\"\">\n\t\t\t\t<img class=\"skip-lazy\" data-skip-lazy\t\t\t\t\tsrc=\"https:\/\/www.echografilm.com\/echographie-3d\/wp-content\/uploads\/2024\/11\/IM-0001-0032-6D-scaled.jpg\" alt=\"\">\n\n\t\t\t<\/div>\n\n\t\t\t\t<div class=\"bafg-slider-info-wraper\">\n\t\t<div style=\"\" class=\"slider-info-4123 bafg-slider-info\">\n\t\t\t\t\t<\/div>\n\t<\/div>\n\t\n\t\t\t<style type=\"text\/css\">\n\t\t\t\t\t\t\t\t\t\t\t<\/style>\n\t\t\t\n<p style=\"text-align: center;\">\n\t\t\t\n\t<style type=\"text\/css\">\n\t\t.slider-info-4159.bafg-slider-info .bafg-slider-title {\n\t\t\t\t\t\t\tfont-size:\n\t\t\t\t\t22px\t\t\t\t;\n\t\t\t\n\t\t\t\n\t\t\t\t\t}\n\n\t\t.slider-info-4159.bafg-slider-info .bafg-slider-description {\n\t\t\t\n\t\t\t\n\t\t\t\t\t}\n\t\t\n\t\t\n\t\t.slider-info-4159.bafg-slider-info .bafg_slider_readmore_button {\n\t\t\t\n\t\t\t\n\t\t\t\n\t\t\t\n\t\t\t\n\t\t\ttext-align: center;\n\n\t\t\t\n\t\t\t\n\t\t\t\n\t\t\t\n\t\t\t\t\t}\n\n\t\t.slider-info-4159.bafg-slider-info .bafg_slider_readmore_button:hover {\n\n\t\t\t\n\t\t\t\n\t\t\t\t\t}\n\t<\/style>\n\t\n\t\t\t<div class=\"bafg-twentytwenty-container slider-4159  \"\n\t\t\t\tbafg-orientation=\"horizontal\" bafg-default-offset=\"0.5\"\n\t\t\t\tbafg-before-label=\"3D\"\n\t\t\t\tbafg-after-label=\"6D\" bafg-overlay=\"1\"\n\t\t\t\tbafg-move-slider-on-hover=\"\"\n\t\t\t\tbafg-click-to-move=\"\">\n\n\t\t\t\t\t\t\t\t<img class=\"skip-lazy\" data-skip-lazy\t\t\t\t\tsrc=\"https:\/\/www.echografilm.com\/echographie-3d\/wp-content\/uploads\/2024\/11\/IM-0001-0022-copy-scaled.jpg\" alt=\"\">\n\t\t\t\t<img class=\"skip-lazy\" data-skip-lazy\t\t\t\t\tsrc=\"https:\/\/www.echografilm.com\/echographie-3d\/wp-content\/uploads\/2024\/11\/IM-0001-0022-6D-copy-scaled.jpg\" alt=\"\">\n\n\t\t\t<\/div>\n\n\t\t\t\t<div class=\"bafg-slider-info-wraper\">\n\t\t<div style=\"\" class=\"slider-info-4159 bafg-slider-info\">\n\t\t\t\t\t<\/div>\n\t<\/div>\n\t\n\t\t\t<style type=\"text\/css\">\n\t\t\t\t\t\t\t\t\t\t\t<\/style>\n\t\t\t\n<p style=\"text-align: center;\">\n\t\t\t\n\t<style type=\"text\/css\">\n\t\t.slider-info-4160.bafg-slider-info .bafg-slider-title {\n\t\t\t\t\t\t\tfont-size:\n\t\t\t\t\t22px\t\t\t\t;\n\t\t\t\n\t\t\t\n\t\t\t\t\t}\n\n\t\t.slider-info-4160.bafg-slider-info .bafg-slider-description {\n\t\t\t\n\t\t\t\n\t\t\t\t\t}\n\t\t\n\t\t\n\t\t.slider-info-4160.bafg-slider-info .bafg_slider_readmore_button {\n\t\t\t\n\t\t\t\n\t\t\t\n\t\t\t\n\t\t\t\n\t\t\ttext-align: center;\n\n\t\t\t\n\t\t\t\n\t\t\t\n\t\t\t\n\t\t\t\t\t}\n\n\t\t.slider-info-4160.bafg-slider-info .bafg_slider_readmore_button:hover {\n\n\t\t\t\n\t\t\t\n\t\t\t\t\t}\n\t<\/style>\n\t\n\t\t\t<div class=\"bafg-twentytwenty-container slider-4160  \"\n\t\t\t\tbafg-orientation=\"horizontal\" bafg-default-offset=\"0.5\"\n\t\t\t\tbafg-before-label=\"3D\"\n\t\t\t\tbafg-after-label=\"6D\" bafg-overlay=\"1\"\n\t\t\t\tbafg-move-slider-on-hover=\"\"\n\t\t\t\tbafg-click-to-move=\"\">\n\n\t\t\t\t\t\t\t\t<img class=\"skip-lazy\" data-skip-lazy\t\t\t\t\tsrc=\"https:\/\/www.echografilm.com\/echographie-3d\/wp-content\/uploads\/2024\/11\/IM-0001-0038-copy-scaled.jpg\" alt=\"\">\n\t\t\t\t<img class=\"skip-lazy\" data-skip-lazy\t\t\t\t\tsrc=\"https:\/\/www.echografilm.com\/echographie-3d\/wp-content\/uploads\/2024\/11\/IM-0001-0038-6D-scaled.jpg\" alt=\"\">\n\n\t\t\t<\/div>\n\n\t\t\t\t<div class=\"bafg-slider-info-wraper\">\n\t\t<div style=\"\" class=\"slider-info-4160 bafg-slider-info\">\n\t\t\t\t\t<\/div>\n\t<\/div>\n\t\n\t\t\t<style type=\"text\/css\">\n\t\t\t\t\t\t\t\t\t\t\t<\/style>\n\t\t\t\n<p style=\"text-align: center;\">\n","protected":false},"excerpt":{"rendered":"\u00c9chographies 6D : Des images extraordinaires de votre b\u00e9b\u00e9 avant sa naissance D\u00e9couvrez votre b\u00e9b\u00e9 comme jamais auparavant gr\u00e2ce aux \u00e9chographies 6D Des souvenirs inoubliables avec les \u00e9chographies 6D am\u00e9lior\u00e9es par l'IA. Attention, la technologie 6D est encore en phase de d\u00e9veloppement et progresse de mois en mois. Elle ne fonctionne bien que si l'image de base est de bonne&nbsp;<a href=\"https:\/\/www.echografilm.com\/echographie-3d\/portfolio\/portfolio-2\/\" class=\"read-more\">Lire la suite<\/a>","protected":false},"author":2,"featured_media":0,"parent":9,"menu_order":5,"comment_status":"closed","ping_status":"closed","template":"page-Portfolio2Cols-filterable.php","meta":{"footnotes":""},"class_list":["post-1278","page","type-page","status-publish","hentry"],"yoast_head":"<!-- This site is optimized with the Yoast SEO plugin v27.6 - https:\/\/yoast.com\/product\/yoast-seo-wordpress\/ -->\n<title>Gallerie Echo 6D avec IA (Intelligence Artificielle) - Echografilm : Echographie 3D 4D Paris<\/title>\n<meta name=\"description\" content=\"Plongez dans l&#039;univers magique de votre b\u00e9b\u00e9 avant sa naissance gr\u00e2ce \u00e0 des \u00e9chographies 6D d&#039;une clart\u00e9 et d&#039;un r\u00e9alisme \u00e9poustouflants.Vivez une exp\u00e9rience unique et \u00e9mouvante avec des images de votre b\u00e9b\u00e9 en mouvement, avec des expressions faciales et des d\u00e9tails incroyables.Des souvenirs pr\u00e9cieux \u00e0 conserver pour toujours gr\u00e2ce \u00e0 la technologie de pointe des \u00e9chographies 6D am\u00e9lior\u00e9es par l&#039;IA. Attention la 6D ne fonctionne bien que si l&#039;image de base est de bonne qualit\u00e9 c&#039;est \u00e0 dire que l&#039;echographie non m\u00e9dicale est effectu\u00e9e au bon moment ( environ 25-30 semaines de grossesse ) que le b\u00e9b\u00e9 est bien plac\u00e9 ( les faces fonctionnent mieux que les profiles ) et que rien ne cache le visage ( pas de membre, de placenta ou parois proches et devant )\" \/>\n<meta name=\"robots\" content=\"index, follow, max-snippet:-1, max-image-preview:large, max-video-preview:-1\" \/>\n<link rel=\"canonical\" href=\"https:\/\/www.echografilm.com\/echographie-3d\/portfolio\/portfolio-2\/\" \/>\n<meta property=\"og:locale\" content=\"fr_FR\" \/>\n<meta property=\"og:type\" content=\"article\" \/>\n<meta property=\"og:title\" content=\"Gallerie Echo 6D avec IA (Intelligence Artificielle) - Echografilm : Echographie 3D 4D Paris\" \/>\n<meta property=\"og:description\" content=\"Plongez dans l&#039;univers magique de votre b\u00e9b\u00e9 avant sa naissance gr\u00e2ce \u00e0 des \u00e9chographies 6D d&#039;une clart\u00e9 et d&#039;un r\u00e9alisme \u00e9poustouflants.Vivez une exp\u00e9rience unique et \u00e9mouvante avec des images de votre b\u00e9b\u00e9 en mouvement, avec des expressions faciales et des d\u00e9tails incroyables.Des souvenirs pr\u00e9cieux \u00e0 conserver pour toujours gr\u00e2ce \u00e0 la technologie de pointe des \u00e9chographies 6D am\u00e9lior\u00e9es par l&#039;IA. Attention la 6D ne fonctionne bien que si l&#039;image de base est de bonne qualit\u00e9 c&#039;est \u00e0 dire que l&#039;echographie non m\u00e9dicale est effectu\u00e9e au bon moment ( environ 25-30 semaines de grossesse ) que le b\u00e9b\u00e9 est bien plac\u00e9 ( les faces fonctionnent mieux que les profiles ) et que rien ne cache le visage ( pas de membre, de placenta ou parois proches et devant )\" \/>\n<meta property=\"og:url\" content=\"https:\/\/www.echografilm.com\/echographie-3d\/portfolio\/portfolio-2\/\" \/>\n<meta property=\"og:site_name\" content=\"Echografilm : Echographie 3D 4D Paris\" \/>\n<meta property=\"article:publisher\" content=\"https:\/\/www.facebook.com\/echographie3d\/\" \/>\n<meta property=\"article:modified_time\" content=\"2024-11-10T19:08:02+00:00\" \/>\n<meta name=\"twitter:card\" content=\"summary_large_image\" \/>\n<meta name=\"twitter:site\" content=\"@Echografilm\" \/>\n<meta name=\"twitter:label1\" content=\"Dur\u00e9e de lecture estim\u00e9e\" \/>\n\t<meta name=\"twitter:data1\" content=\"1 minute\" \/>\n<script type=\"application\/ld+json\" class=\"yoast-schema-graph\">{\"@context\":\"https:\\\/\\\/schema.org\",\"@graph\":[{\"@type\":\"WebPage\",\"@id\":\"https:\\\/\\\/www.echografilm.com\\\/echographie-3d\\\/portfolio\\\/portfolio-2\\\/\",\"url\":\"https:\\\/\\\/www.echografilm.com\\\/echographie-3d\\\/portfolio\\\/portfolio-2\\\/\",\"name\":\"Gallerie Echo 6D avec IA (Intelligence Artificielle) - Echografilm : Echographie 3D 4D Paris\",\"isPartOf\":{\"@id\":\"https:\\\/\\\/www.echografilm.com\\\/echographie-3d\\\/#website\"},\"datePublished\":\"2012-10-23T09:25:54+00:00\",\"dateModified\":\"2024-11-10T19:08:02+00:00\",\"description\":\"Plongez dans l'univers magique de votre b\u00e9b\u00e9 avant sa naissance gr\u00e2ce \u00e0 des \u00e9chographies 6D d'une clart\u00e9 et d'un r\u00e9alisme \u00e9poustouflants.Vivez une exp\u00e9rience unique et \u00e9mouvante avec des images de votre b\u00e9b\u00e9 en mouvement, avec des expressions faciales et des d\u00e9tails incroyables.Des souvenirs pr\u00e9cieux \u00e0 conserver pour toujours gr\u00e2ce \u00e0 la technologie de pointe des \u00e9chographies 6D am\u00e9lior\u00e9es par l'IA. Attention la 6D ne fonctionne bien que si l'image de base est de bonne qualit\u00e9 c'est \u00e0 dire que l'echographie non m\u00e9dicale est effectu\u00e9e au bon moment ( environ 25-30 semaines de grossesse ) que le b\u00e9b\u00e9 est bien plac\u00e9 ( les faces fonctionnent mieux que les profiles ) et que rien ne cache le visage ( pas de membre, de placenta ou parois proches et devant )\",\"breadcrumb\":{\"@id\":\"https:\\\/\\\/www.echografilm.com\\\/echographie-3d\\\/portfolio\\\/portfolio-2\\\/#breadcrumb\"},\"inLanguage\":\"fr-FR\",\"potentialAction\":[{\"@type\":\"ReadAction\",\"target\":[\"https:\\\/\\\/www.echografilm.com\\\/echographie-3d\\\/portfolio\\\/portfolio-2\\\/\"]}]},{\"@type\":\"BreadcrumbList\",\"@id\":\"https:\\\/\\\/www.echografilm.com\\\/echographie-3d\\\/portfolio\\\/portfolio-2\\\/#breadcrumb\",\"itemListElement\":[{\"@type\":\"ListItem\",\"position\":1,\"name\":\"Accueil\",\"item\":\"https:\\\/\\\/www.echografilm.com\\\/echographie-3d\\\/\"},{\"@type\":\"ListItem\",\"position\":2,\"name\":\"Gallerie Echo 3D\",\"item\":\"https:\\\/\\\/www.echografilm.com\\\/echographie-3d\\\/portfolio\\\/\"},{\"@type\":\"ListItem\",\"position\":3,\"name\":\"Gallerie Echo 6D avec IA (Intelligence Artificielle)\"}]},{\"@type\":\"WebSite\",\"@id\":\"https:\\\/\\\/www.echografilm.com\\\/echographie-3d\\\/#website\",\"url\":\"https:\\\/\\\/www.echografilm.com\\\/echographie-3d\\\/\",\"name\":\"Echografilm : Echographie 3D Paris\",\"description\":\"Fille ou Gar\u00e7on ? d\u00e8s 14SG Echographies 3D 4D 6D non m\u00e9dicales\",\"publisher\":{\"@id\":\"https:\\\/\\\/www.echografilm.com\\\/echographie-3d\\\/#organization\"},\"potentialAction\":[{\"@type\":\"SearchAction\",\"target\":{\"@type\":\"EntryPoint\",\"urlTemplate\":\"https:\\\/\\\/www.echografilm.com\\\/echographie-3d\\\/?s={search_term_string}\"},\"query-input\":{\"@type\":\"PropertyValueSpecification\",\"valueRequired\":true,\"valueName\":\"search_term_string\"}}],\"inLanguage\":\"fr-FR\"},{\"@type\":\"Organization\",\"@id\":\"https:\\\/\\\/www.echografilm.com\\\/echographie-3d\\\/#organization\",\"name\":\"Echografilm : Echographie 3D Paris\",\"url\":\"https:\\\/\\\/www.echografilm.com\\\/echographie-3d\\\/\",\"logo\":{\"@type\":\"ImageObject\",\"inLanguage\":\"fr-FR\",\"@id\":\"https:\\\/\\\/www.echografilm.com\\\/echographie-3d\\\/#\\\/schema\\\/logo\\\/image\\\/\",\"url\":\"https:\\\/\\\/www.echografilm.com\\\/echographie-3d\\\/wp-content\\\/uploads\\\/2014\\\/09\\\/logo.png\",\"contentUrl\":\"https:\\\/\\\/www.echografilm.com\\\/echographie-3d\\\/wp-content\\\/uploads\\\/2014\\\/09\\\/logo.png\",\"width\":249,\"height\":95,\"caption\":\"Echografilm : Echographie 3D Paris\"},\"image\":{\"@id\":\"https:\\\/\\\/www.echografilm.com\\\/echographie-3d\\\/#\\\/schema\\\/logo\\\/image\\\/\"},\"sameAs\":[\"https:\\\/\\\/www.facebook.com\\\/echographie3d\\\/\",\"https:\\\/\\\/x.com\\\/Echografilm\"]}]}<\/script>\n<!-- \/ Yoast SEO plugin. -->","yoast_head_json":{"title":"Gallerie Echo 6D avec IA (Intelligence Artificielle) - Echografilm : Echographie 3D 4D Paris","description":"Plongez dans l'univers magique de votre b\u00e9b\u00e9 avant sa naissance gr\u00e2ce \u00e0 des \u00e9chographies 6D d'une clart\u00e9 et d'un r\u00e9alisme \u00e9poustouflants.Vivez une exp\u00e9rience unique et \u00e9mouvante avec des images de votre b\u00e9b\u00e9 en mouvement, avec des expressions faciales et des d\u00e9tails incroyables.Des souvenirs pr\u00e9cieux \u00e0 conserver pour toujours gr\u00e2ce \u00e0 la technologie de pointe des \u00e9chographies 6D am\u00e9lior\u00e9es par l'IA. Attention la 6D ne fonctionne bien que si l'image de base est de bonne qualit\u00e9 c'est \u00e0 dire que l'echographie non m\u00e9dicale est effectu\u00e9e au bon moment ( environ 25-30 semaines de grossesse ) que le b\u00e9b\u00e9 est bien plac\u00e9 ( les faces fonctionnent mieux que les profiles ) et que rien ne cache le visage ( pas de membre, de placenta ou parois proches et devant )","robots":{"index":"index","follow":"follow","max-snippet":"max-snippet:-1","max-image-preview":"max-image-preview:large","max-video-preview":"max-video-preview:-1"},"canonical":"https:\/\/www.echografilm.com\/echographie-3d\/portfolio\/portfolio-2\/","og_locale":"fr_FR","og_type":"article","og_title":"Gallerie Echo 6D avec IA (Intelligence Artificielle) - Echografilm : Echographie 3D 4D Paris","og_description":"Plongez dans l'univers magique de votre b\u00e9b\u00e9 avant sa naissance gr\u00e2ce \u00e0 des \u00e9chographies 6D d'une clart\u00e9 et d'un r\u00e9alisme \u00e9poustouflants.Vivez une exp\u00e9rience unique et \u00e9mouvante avec des images de votre b\u00e9b\u00e9 en mouvement, avec des expressions faciales et des d\u00e9tails incroyables.Des souvenirs pr\u00e9cieux \u00e0 conserver pour toujours gr\u00e2ce \u00e0 la technologie de pointe des \u00e9chographies 6D am\u00e9lior\u00e9es par l'IA. Attention la 6D ne fonctionne bien que si l'image de base est de bonne qualit\u00e9 c'est \u00e0 dire que l'echographie non m\u00e9dicale est effectu\u00e9e au bon moment ( environ 25-30 semaines de grossesse ) que le b\u00e9b\u00e9 est bien plac\u00e9 ( les faces fonctionnent mieux que les profiles ) et que rien ne cache le visage ( pas de membre, de placenta ou parois proches et devant )","og_url":"https:\/\/www.echografilm.com\/echographie-3d\/portfolio\/portfolio-2\/","og_site_name":"Echografilm : Echographie 3D 4D Paris","article_publisher":"https:\/\/www.facebook.com\/echographie3d\/","article_modified_time":"2024-11-10T19:08:02+00:00","twitter_card":"summary_large_image","twitter_site":"@Echografilm","twitter_misc":{"Dur\u00e9e de lecture estim\u00e9e":"1 minute"},"schema":{"@context":"https:\/\/schema.org","@graph":[{"@type":"WebPage","@id":"https:\/\/www.echografilm.com\/echographie-3d\/portfolio\/portfolio-2\/","url":"https:\/\/www.echografilm.com\/echographie-3d\/portfolio\/portfolio-2\/","name":"Gallerie Echo 6D avec IA (Intelligence Artificielle) - Echografilm : Echographie 3D 4D Paris","isPartOf":{"@id":"https:\/\/www.echografilm.com\/echographie-3d\/#website"},"datePublished":"2012-10-23T09:25:54+00:00","dateModified":"2024-11-10T19:08:02+00:00","description":"Plongez dans l'univers magique de votre b\u00e9b\u00e9 avant sa naissance gr\u00e2ce \u00e0 des \u00e9chographies 6D d'une clart\u00e9 et d'un r\u00e9alisme \u00e9poustouflants.Vivez une exp\u00e9rience unique et \u00e9mouvante avec des images de votre b\u00e9b\u00e9 en mouvement, avec des expressions faciales et des d\u00e9tails incroyables.Des souvenirs pr\u00e9cieux \u00e0 conserver pour toujours gr\u00e2ce \u00e0 la technologie de pointe des \u00e9chographies 6D am\u00e9lior\u00e9es par l'IA. Attention la 6D ne fonctionne bien que si l'image de base est de bonne qualit\u00e9 c'est \u00e0 dire que l'echographie non m\u00e9dicale est effectu\u00e9e au bon moment ( environ 25-30 semaines de grossesse ) que le b\u00e9b\u00e9 est bien plac\u00e9 ( les faces fonctionnent mieux que les profiles ) et que rien ne cache le visage ( pas de membre, de placenta ou parois proches et devant )","breadcrumb":{"@id":"https:\/\/www.echografilm.com\/echographie-3d\/portfolio\/portfolio-2\/#breadcrumb"},"inLanguage":"fr-FR","potentialAction":[{"@type":"ReadAction","target":["https:\/\/www.echografilm.com\/echographie-3d\/portfolio\/portfolio-2\/"]}]},{"@type":"BreadcrumbList","@id":"https:\/\/www.echografilm.com\/echographie-3d\/portfolio\/portfolio-2\/#breadcrumb","itemListElement":[{"@type":"ListItem","position":1,"name":"Accueil","item":"https:\/\/www.echografilm.com\/echographie-3d\/"},{"@type":"ListItem","position":2,"name":"Gallerie Echo 3D","item":"https:\/\/www.echografilm.com\/echographie-3d\/portfolio\/"},{"@type":"ListItem","position":3,"name":"Gallerie Echo 6D avec IA (Intelligence Artificielle)"}]},{"@type":"WebSite","@id":"https:\/\/www.echografilm.com\/echographie-3d\/#website","url":"https:\/\/www.echografilm.com\/echographie-3d\/","name":"Echografilm : Echographie 3D Paris","description":"Fille ou Gar\u00e7on ? d\u00e8s 14SG Echographies 3D 4D 6D non m\u00e9dicales","publisher":{"@id":"https:\/\/www.echografilm.com\/echographie-3d\/#organization"},"potentialAction":[{"@type":"SearchAction","target":{"@type":"EntryPoint","urlTemplate":"https:\/\/www.echografilm.com\/echographie-3d\/?s={search_term_string}"},"query-input":{"@type":"PropertyValueSpecification","valueRequired":true,"valueName":"search_term_string"}}],"inLanguage":"fr-FR"},{"@type":"Organization","@id":"https:\/\/www.echografilm.com\/echographie-3d\/#organization","name":"Echografilm : Echographie 3D Paris","url":"https:\/\/www.echografilm.com\/echographie-3d\/","logo":{"@type":"ImageObject","inLanguage":"fr-FR","@id":"https:\/\/www.echografilm.com\/echographie-3d\/#\/schema\/logo\/image\/","url":"https:\/\/www.echografilm.com\/echographie-3d\/wp-content\/uploads\/2014\/09\/logo.png","contentUrl":"https:\/\/www.echografilm.com\/echographie-3d\/wp-content\/uploads\/2014\/09\/logo.png","width":249,"height":95,"caption":"Echografilm : Echographie 3D Paris"},"image":{"@id":"https:\/\/www.echografilm.com\/echographie-3d\/#\/schema\/logo\/image\/"},"sameAs":["https:\/\/www.facebook.com\/echographie3d\/","https:\/\/x.com\/Echografilm"]}]}},"_links":{"self":[{"href":"https:\/\/www.echografilm.com\/echographie-3d\/wp-json\/wp\/v2\/pages\/1278","targetHints":{"allow":["GET"]}}],"collection":[{"href":"https:\/\/www.echografilm.com\/echographie-3d\/wp-json\/wp\/v2\/pages"}],"about":[{"href":"https:\/\/www.echografilm.com\/echographie-3d\/wp-json\/wp\/v2\/types\/page"}],"author":[{"embeddable":true,"href":"https:\/\/www.echografilm.com\/echographie-3d\/wp-json\/wp\/v2\/users\/2"}],"replies":[{"embeddable":true,"href":"https:\/\/www.echografilm.com\/echographie-3d\/wp-json\/wp\/v2\/comments?post=1278"}],"version-history":[{"count":16,"href":"https:\/\/www.echografilm.com\/echographie-3d\/wp-json\/wp\/v2\/pages\/1278\/revisions"}],"predecessor-version":[{"id":4202,"href":"https:\/\/www.echografilm.com\/echographie-3d\/wp-json\/wp\/v2\/pages\/1278\/revisions\/4202"}],"up":[{"embeddable":true,"href":"https:\/\/www.echografilm.com\/echographie-3d\/wp-json\/wp\/v2\/pages\/9"}],"wp:attachment":[{"href":"https:\/\/www.echografilm.com\/echographie-3d\/wp-json\/wp\/v2\/media?parent=1278"}],"curies":[{"name":"wp","href":"https:\/\/api.w.org\/{rel}","templated":true}]}}